te the remainder when 4783816 is divided by 1056.
136
Calculate the remainder when 9153999 is divided by 9153993.
6
Calculate the remainder when 21936 is divided by 3793.
2971
Calculate the remainder when 8788246 is divided by 24.
22
What is the remainder when 266490159 is divided by 6?
3
What is the remainder when 19267100 is divided by 873?
863
Calculate the remainder when 223705186 is divided by 14.
12
Calculate the remainder when 2302458 is divided by 211.
26
Calculate the remainder when 8910310 is divided by 61.
40
What is the remainder when 1430362 is divided by 2119?
37
What is the remainder when 49636205 is divided by 99?
80
What is the remainder when 143746 is divided by 389?
205
What is the remainder when 569722 is divided by 884?
426
What is the remainder when 34562 is divided by 147?
17
What is the remainder when 741736 is divided by 549?
37
Calculate the remainder when 21455339 is divided by 21455337.
2
What is the remainder when 80124 is divided by 12?
0
Calculate the remainder when 62396694 is divided by 2881.
2877
What is the remainder when 535676 is divided by 223?
30
What is the remainder when 13042227 is divided by 24242?
31
What is the remainder when 97913526 is divided by 845?
841
Calculate the remainder when 1547298 is divided by 575.
548
What is the remainder when 14167331 is divided by 563?
562
Calculate the remainder when 159468 is divided by 7235.
298
Calculate the remainder when 979054 is divided by 197.
161
What is the remainder when 124862 is divided by 113424?
11438
Calculate the remainder when 562678 is divided by 35167.
6
Calculate the remainder when 445342 is divided by 445296.
46
Calculate the remainder when 23070 is divided by 597.
384
Calculate the remainder when 305187 is divided by 20343.
42
Calculate the remainder when 24907073 is divided by 33.
26
Calculate the remainder when 403629 is divided by 8585.
134
Calculate the remainder when 2129362 is divided by 20673.
43
Calculate the remainder when 1511609 is divided by 26486.
1907
Calculate the remainder when 4494929 is divided by 1166.
1165
Calculate the remainder when 34488418 is divided by 122.
116
What is the remainder when 48065680 is divided by 257?
255
What is the remainder when 9524869 is divided by 156?
133
What is the remainder when 15934974 is divided by 32?
30
What is the remainder when 32592585 is divided by 8550?
8535
Calculate the remainder when 153998 is divided by 457.
446
Calculate the remainder when 18181 is divided by 2978.
313
Calculate the remainder when 1002579 is divided by 1939.
116
What is the remainder when 21401807 is divided by 249?
8
Calculate the remainder when 1586254 is divided by 1586228.
26
What is the remainder when 16262851 is divided by 106?
13
Calculate the remainder when 17537917 is divided by 943.
3
What is the remainder when 11182 is divided by 3751?
3680
What is the remainder when 5599908 is divided by 700?
608
What is the remainder when 11250 is divided by 139?
130
Calculate the remainder when 9528011 is divided by 1433.
1427
Calculate the remainder when 384600322 is divided by 1562.
1558
What is the remainder when 1121247 is divided by 1625?
1622
Calculate the remainder when 251426 is divided by 30312.
8930
Calculate the remainder when 289059 is divided by 269.
153
What is the remainder when 16764584 is divided by 1830?
1784
What is the remainder when 62235792 is divided by 15?
12
What is the remainder when 409950 is divided by 264?
222
What is the remainder when 108616 is divided by 249?
52
Calculate the remainder when 56051121 is divided by 3218.
3215
Calculate the remainder when 135111 is divided by 135101.
10
Calculate the remainder when 56819 is divided by 4460.
3299
What is the remainder when 2651483 is divided by 1325236?
1011
Calculate the remainder when 8504441 is divided by 2834702.
335
Calculate the remainder when 5101087 is divided by 66.
13
Calculate the remainder when 917963 is divided by 305967.
62
What is the remainder when 291094214 is divided by 863?
862
What is the remainder when 36035 is divided by 261?
17
What is the remainder when 2330639 is divided by 506?
3
What is the remainder when 3874363 is divided by 165?
163
What is the remainder when 14186630 is divided by 26?
16
What is the remainder when 287859 is divided by 10?
9
What is the remainder when 18020637 is divided by 46?
45
What is the remainder when 46358367 is divided by 9271658?
77
What is the remainder when 2050355 is divided by 520?
515
Calculate the remainder when 85067 is divided by 84979.
88
Calculate the remainder when 15411210 is divided by 856178.
6
Calculate the remainder when 11446112 is divided by 2461.
1
What is the remainder when 1940536 is divided by 52?
0
Calculate the remainder when 5781 is divided by 1800.
381
What is the remainder when 398625 is divided by 398472?
153
What is the remainder when 68048386 is divided by 18?
16
Calculate the remainder when 1326058 is divided by 1174.
612
Calculate the remainder when 36805 is divided by 172.
169
Calculate the remainder when 3736616 is divided by 3736580.
36
Calculate the remainder when 1108881 is divided by 10173.
24
Calculate the remainder when 4789536 is divided by 26.
24
What is the remainder when 1899135 is divided by 4165?
4060
What is the remainder when 608937 is divided by 202970?
27
Calculate the remainder when 5077549 is divided by 3835.
9
Calculate the remainder when 164863 is divided by 80121.
4621
What is the remainder when 31197205 is divided by 74?
63
What is the remainder when 109572725 is divided by 49?
3
What is the remainder when 27332 is divided by 2949?
791
Calculate the remainder when 70423 is divided by 17110.
1983
Calculate the remainder when 11451674 is divided by 3817213.
35
Calculate the remainder when 3165373 is divided by 203.
197
Calculate the remainder when 1383442 is divided by 25.
17
Calculate the remainder when 389912 is divided by 4325.
662
What is the remainder when 10391610 is divided by 5251?
5132
What is the remainder when 1592889 is divided by 64?
57
What is the remainder when 22950 is divided by 572?
70
What is the remainder when 20999344 is divided by 10499666?
12
What is the remainder when 44457384 is divided by 18?
12
What is the remainder when 1568127 is divided by 755?
747
Calculate the remainder when 39337 is divided by 1817.
1180
What is the remainder when 14984783 is divided by 14984780?
3
What is the remainder when 423857 is divided by 4246?
3503
What is the remainder when 22806 is divided by 257?
190
What is the remainder when 1330710463 is divided by 1505?
1503
Calculate the remainder when 6264073 is divided by 66639.
7
What is the remainder when 6972176 is divided by 15124?
12
Calculate the remainder when 1137946 is divided by 743.
413
What is the remainder when 1355798249 is divided by 148?
145
What is the remainder when 2277739 is divided by 2080?
139
Calculate the remainder when 1178 is divided by 235.
3
What is the remainder when 560175 is divided by 136?
127
Calculate the remainder when 109182635 is divided by 482.
477
What is the remainder when 654642 is divided by 24?
18
Calculate the remainder when 33546 is divided by 30.
6
Calculate the remainder when 2501116 is divided by 15158.
46
Calculate the remainder when 14096009 is divided by 5.
4
Calculate the remainder when 3886023 is divided by 777203.
8
What is the remainder when 4576634 is divided by 1144156?
10
Calculate the remainder when 938269 is divided by 28426.
211
Calculate the remainder when 249671 is divided by 62261.
627
Calculate the remainder when 20041193 is divided by 90.
83
Calculate the remainder when 3936042 is divided by 2.
0
What is the remainder when 6054865 is divided by 427?
5
Calculate the remainder when 47425 is divided by 623.
77
What is the remainder when 28842004 is divided by 961400?
4
What is the remainder when 2642385 is divided by 88078?
45
Calculate the remainder when 2071847 is divided by 305.
287
Calculate the remainder when 72277908 is divided by 1080.
1068
What is the remainder when 190295200 is divided by 887?
881
Calculate the remainder when 297425 is divided by 7620.
245
Calculate the remainder when 215825515 is divided by 284.
283
Calculate the remainder when 460673 is divided by 1222.
1201
What is the remainder when 